{"id":198,"date":"2019-12-29T17:04:10","date_gmt":"2019-12-29T17:04:10","guid":{"rendered":"https:\/\/ebstreuhand.com\/?page_id=198"},"modified":"2019-12-29T17:04:10","modified_gmt":"2019-12-29T17:04:10","slug":"nos-clients","status":"publish","type":"page","link":"https:\/\/ebstreuhand.com\/?page_id=198&lang=fr","title":{"rendered":"Nos clients"},"content":{"rendered":"\n<div class=\"wp-block-image\"><figure class=\"alignright size-large\"><img decoding=\"async\" loading=\"lazy\" width=\"212\" height=\"277\" src=\"https:\/\/ebstreuhand.com\/wp-content\/uploads\/2019\/12\/8._FR_Unsere_Kunden.png\" alt=\"\" class=\"wp-image-84\"\/><\/figure><\/div>\n\n\n\n<p>Nous assistions&nbsp;nos clients en langue&nbsp;<strong>allemande, anglaise, fran\u00e7aise et italienne<\/strong>. Parmi nos clients locaux et internationaux, nous comptons<\/p>\n\n\n\n<ul><li><strong>Des PME<\/strong><\/li><li><strong>Des soci\u00e9t\u00e9s de domicile&nbsp;et des holding<\/strong><\/li><li><strong>Des organisations \u00e0 but non lucratif<\/strong><\/li><li><strong>Des personnes physiques<\/strong><\/li><\/ul>\n\n\n\n<p>&#8230;qui accordent une importance particuli\u00e8re \u00e0 une assistance personnelle, continue et comp\u00e9tente. Des clients dont les attentes aupr\u00e8s de leur conseiller sont plus exigeantes qu&#8217;en temps normal et qui veulent compter sur lui \u00e0 tout moment.<\/p>\n\n\n\n<p>&#8230;des clients, qui font reposer leurs relations sur la confiance et la s\u00e9curit\u00e9.<\/p>\n","protected":false},"excerpt":{"rendered":"<p>Nous assistions&nbsp;nos clients en langue&nbsp;allemande, anglaise, fran\u00e7aise et italienne. Parmi nos clients locaux et internationaux, nous comptons Des PME Des soci\u00e9t\u00e9s de domicile&nbsp;et des holding Des organisations \u00e0 but non lucratif Des personnes physiques &#8230;qui accordent une importance particuli\u00e8re \u00e0 une assistance personnelle, continue et comp\u00e9tente. Des clients dont les attentes aupr\u00e8s de leur conseiller [&hellip;]<\/p>\n","protected":false},"author":1,"featured_media":0,"parent":0,"menu_order":0,"comment_status":"closed","ping_status":"closed","template":"","meta":{"site-sidebar-layout":"default","site-content-layout":"default","ast-site-content-layout":"default","site-content-style":"default","site-sidebar-style":"default","ast-global-header-display":"","ast-banner-title-visibility":"","ast-main-header-display":"","ast-hfb-above-header-display":"","ast-hfb-below-header-display":"","ast-hfb-mobile-header-display":"","site-post-title":"","ast-breadcrumbs-content":"","ast-featured-img":"","footer-sml-layout":"","ast-disable-related-posts":"","theme-transparent-header-meta":"default","adv-header-id-meta":"","stick-header-meta":"","header-above-stick-meta":"","header-main-stick-meta":"","header-below-stick-meta":"","astra-migrate-meta-layouts":"default","ast-page-background-enabled":"default","ast-page-background-meta":{"desktop":{"background-color":"","background-image":"","background-repeat":"repeat","background-position":"center center","background-size":"auto","background-attachment":"scroll","background-type":"","background-media":"","overlay-type":"","overlay-color":"","overlay-opacity":"","overlay-gradient":""},"tablet":{"background-color":"","background-image":"","background-repeat":"repeat","background-position":"center center","background-size":"auto","background-attachment":"scroll","background-type":"","background-media":"","overlay-type":"","overlay-color":"","overlay-opacity":"","overlay-gradient":""},"mobile":{"background-color":"","background-image":"","background-repeat":"repeat","background-position":"center center","background-size":"auto","background-attachment":"scroll","background-type":"","background-media":"","overlay-type":"","overlay-color":"","overlay-opacity":"","overlay-gradient":""}},"ast-content-background-meta":{"desktop":{"background-color":"var(--ast-global-color-5)","background-image":"","background-repeat":"repeat","background-position":"center center","background-size":"auto","background-attachment":"scroll","background-type":"","background-media":"","overlay-type":"","overlay-color":"","overlay-opacity":"","overlay-gradient":""},"tablet":{"background-color":"var(--ast-global-color-5)","background-image":"","background-repeat":"repeat","background-position":"center center","background-size":"auto","background-attachment":"scroll","background-type":"","background-media":"","overlay-type":"","overlay-color":"","overlay-opacity":"","overlay-gradient":""},"mobile":{"background-color":"var(--ast-global-color-5)","background-image":"","background-repeat":"repeat","background-position":"center center","background-size":"auto","background-attachment":"scroll","background-type":"","background-media":"","overlay-type":"","overlay-color":"","overlay-opacity":"","overlay-gradient":""}}},"_links":{"self":[{"href":"https:\/\/ebstreuhand.com\/index.php?rest_route=\/wp\/v2\/pages\/198"}],"collection":[{"href":"https:\/\/ebstreuhand.com\/index.php?rest_route=\/wp\/v2\/pages"}],"about":[{"href":"https:\/\/ebstreuhand.com\/index.php?rest_route=\/wp\/v2\/types\/page"}],"author":[{"embeddable":true,"href":"https:\/\/ebstreuhand.com\/index.php?rest_route=\/wp\/v2\/users\/1"}],"replies":[{"embeddable":true,"href":"https:\/\/ebstreuhand.com\/index.php?rest_route=%2Fwp%2Fv2%2Fcomments&post=198"}],"version-history":[{"count":1,"href":"https:\/\/ebstreuhand.com\/index.php?rest_route=\/wp\/v2\/pages\/198\/revisions"}],"predecessor-version":[{"id":199,"href":"https:\/\/ebstreuhand.com\/index.php?rest_route=\/wp\/v2\/pages\/198\/revisions\/199"}],"wp:attachment":[{"href":"https:\/\/ebstreuhand.com\/index.php?rest_route=%2Fwp%2Fv2%2Fmedia&parent=198"}],"curies":[{"name":"wp","href":"https:\/\/api.w.org\/{rel}","templated":true}]}}